) = 3*d**2 - 2*d + 2. Let q be p(n). Suppose 0 = 3*l + 5*o - 80, 0*l + 88 = q*l + o. Calculate the remainder when 89 is divided by l.
29
Let l = 73 - 61. Suppose -7*p - l + 355 = 0. Let q = 64 - p. Calculate the remainder when q is divided by 9.
6
Suppose -240 = -10*q - 2*q. Suppose 4*x = q*x - 176. Let a = 102 + -39. Calculate the remainder when a is divided by x.
8
Suppose -4*q = 3*q - 56. Let b(x) = x**3 - 6*x**2 - 8*x - 3. Let t = 104 - 72. What is the remainder when b(q) is divided by t?
29
Suppose 7*y - 14*y - 749 = 0. Let j = 258 + y. What is the remainder when j is divided by 19?
18
Calculate the remainder when 3774 is divided by 2727/(-202)*((3 - 17) + 0).
183
Suppose 15*w - 949 - 142 = 439. Calculate the remainder when w is divided by 28.
18
Calculate the remainder when (85/8 + -9)/((-1)/(-20))*2 is divided by 11.
10
Let c = 92 - 47. Let r = 39321 - 38919. Calculate the remainder when r is divided by c.
42
Let g = 258 + 447. Suppose 0 = -18*q + 3*q + g. Calculate the remainder when 222 is divided by q.
34
Let g = -16252 + 16529. Calculate the remainder when g is divided by 9.
7
Let y = 732 + -348. Let m = y + -189. Calculate the remainder when m is divided by 11.
8
What is the remainder when 76 is divided by (-77996)/(-3720) - (-1)/30?
13
Suppose 0 = -3*r + 12, 6*i + 2*r = 4*i + 12. Suppose -i*x = 2*z - 4, -23*x + 21*x - 6 = 4*z. What is the remainder when 76 is divided by x?
6
Let p(x) = 125*x - 1644. What is the remainder when 930 is divided by p(15)?
6
Let n = -1 + -1. Let g = n - -27. What is the remainder when 119 is divided by (12/(-30) + (-16)/(-10))*g?
29
Let f(p) = 3214*p - 35343. Let w be (-4)/14 + (-4)/(-14). Suppose 5*y + 121 - 556 = w. What is the remainder when y is divided by f(11)?
10
Suppose 0 = v - 5*t + 29 - 100, 2*v - 106 = t. Suppose 9793 - 3227 = 129*a - 16009. Calculate the remainder when a is divided by v.
22
Suppose -49956 + 16196 = -32*p. Calculate the remainder when p is divided by 121.
87
Suppose 0 = -2708*i + 2785*i - 402479. Calculate the remainder when i is divided by 131.
118
Suppose 12*b = 7*b - 775. Suppose 0 = -5*v + 267 + 23. Calculate the remainder when v is divided by (186/b)/(-1 - 47/(-50)).
18
Let h(i) = 2*i**2 + 3*i - 1. Calculate the remainder when h(-5) is divided by (-15 - 1479/(-119))*-7.
16
Let q be -28*(1 - 2/1)*-1. Let s be (-14)/q*(1 - 53). What is the remainder when -2 - (-310)/4 - (-13)/s is divided by 38?
37
Let p = 1005 + -940. Let q = 500 - 246. Calculate the remainder when q is divided by p.
59
Suppose 176 - 1116 = 20*g. Let y be (22/4 + 2)*-4. Let o = y - g. What is the remainder when o is divided by 5?
2
Suppose -4*a - z = -397, 5*z + 490 = -14*a + 19*a. Calculate the remainder when a is divided by 26.
21
Suppose 305 = 5*l + o - 2*o, -5*l + 5*o = -285. Suppose 18*v = 15*v - 603. Let g = -169 - v. Calculate the remainder when l is divided by g.
30
Suppose -22*x - 2*q - 242 = -24*x, -5*x - 2*q + 633 = 0. Suppose -4*o = -a + 174, -o = -a + 40 + x. What is the remainder when a is divided by 56?
50
Suppose -3*u = 2*y - 142, 2*u + 142 = -20*y + 22*y. Calculate the remainder when 2484 is divided by y.
70
Suppose -26*o + 616 = 18*o. What is the remainder when 1077 is divided by o?
13
Calculate the remainder when 356 is divided by (-444)/(-17) - 44/(-12)*66/(-2057).
18
Let n be (-93)/(-3) + 6 + 2. Suppose 3*x - 8 = x, n = 5*i + x. Suppose -2*r - 42 = -130. Calculate the remainder when r is divided by i.
2
Let s = 1792 - 1576. Calculate the remainder when s is divided by 11.
7
Suppose 4*f - 56 - 8 = 0. Calculate the remainder when 26 is divided by ((-12)/8*1)/((-12)/f).
0
Let i = 4773 - 4549. Calculate the remainder when i is divided by 114.
110
Let s be 9/((-18)/(-112)) + (-7 - -2). Calculate the remainder when (s/(-2) - 3)*(-22)/33 is divided by 10.
9
Suppose -135 + 45 = -c - 42. Suppose 0 = -2*b + 3*n + 76, -b = -0*n + 3*n - 20. Let a = -6 + b. What is the remainder when c is divided by a?
22
Let y(a) = -a - 73. Let x(q) = -q - 147. Let o(p) = -4*x(p) + 7*y(p). Calculate the remainder when o(16) is divided by 2.
1
Let k = -11112 + 12218. Calculate the remainder when k is divided by 156.
14
Let p = -434 - -273. Let f = p + 263. Calculate the remainder when f is divided by 55.
47
Let j(c) = 126*c**2 - 950*c + 12. Calculate the remainder when 2858 is divided by j(8).
2
Let n(d) = -d**3 + 2*d. Let x be n(-2). Suppose -5*v + 2*g = -2520, -g + 2*g + 2013 = x*v. Calculate the remainder when v is divided by 63.
61
Let t = 174178 + -173944. Let r(n) = 5*n + 4. What is the remainder when t is divided by r(6)?
30
Suppose -p - 4*p = 20, -3*p = -3*h - 408. Let v = h + 235. What is the remainder when v is divided by 20?
15
Suppose -578 + 6653 - 1195 = 16*j. What is the remainder when j is divided by 109?
87
Let q(n) = 17*n**2 - 2*n + 75. Calculate the remainder when q(10) is divided by 7.
5
Suppose 37592 = 61*x + 66*x. What is the remainder when x is divided by 18?
8
Suppose -2*u = 13 - 39. Suppose 3*b - g = -4*g + 15, g = 2*b - u. Calculate the remainder when (-50 + 4)*(-3)/6 is divided by b.
5
Suppose -318558*o = -318568*o + 1350. Let k = 60 + -25. What is the remainder when o is divided by k?
30
Suppose 1100 = 25*j - 200. Let s(w) = w**2 + 2*w - 4. Let k be s(4). What is the remainder when j is divided by (-32)/k*(-25)/2?
12
Suppose 5*n + 5 = 0, -7*m - 658 = -2*n - 2641. What is the remainder when m is divided by 140?
3
What is the remainder when (-864)/(-54) + 1276/4 is divided by 56?
55
Calculate the remainder when 1721 is divided by 98/(-8) - -12 - 602/(-8).
71
Let i(g) = 21*g**2 + 6*g + 7. Let m = -13 - -15. Suppose -93 = -m*s + 35. Calculate the remainder when s is divided by i(-1).
20
Let d(a) = -39*a - 970. Suppose 42 - 294 = -3*f. Let x = -52 + f. What is the remainder when d(-28) is divided by x?
26
Suppose -s - 2*s - 39 = -3*d, 4*d + 4*s = 68. Let q = 25 - 12. What is the remainder when 565/d + (-5)/(-15) is divided by q?
12
Let c = 10254 - 10042. What is the remainder when 1491 is divided by c?
7
Let v(c) = 3*c**2 + 3*c - 13. Suppose 152 = 15*u - 11*u. Let m = -9 + u. What is the remainder when v(6) is divided by m?
26
Let r = 57 - 54. Suppose -3*a = 3*p - 96, r*a - p - 131 = -43. What is the remainder when 57 is divided by a?
27
Let x(o) = -o**3 - o**2 + 6*o - 2. Let s be x(-3). What is the remainder when 7 is divided by ((-9)/1 - -5)/s?
1
Let r(v) = 10*v**3 - 62*v**2 - 37*v + 278. Calculate the remainder when 1646 is divided by r(7).
2
Let c(a) be the second derivative of -a**5/20 + 3*a**4/4 - 5*a**3/2 - 2*a**2 - 83*a. Let i = 41 - 6. What is the remainder when i is divided by c(6)?
7
Let u(o) = o**3 + 9*o**2 - 53*o + 5. Suppose -3*d = -2*q + 5, 2*q + 2*d - 26 = -2*d. What is the remainder when u(-13) is divided by q?
4
Suppose -2*c = -2*m - 158, -5*c + 3*m + 76 = -323. Calculate the remainder when c is divided by 41.
40
Suppose -11*v + 3546 = 7*v. What is the remainder when (11 - 10)*(1 + -1 + v) is divided by 51?
44
Let q = -751 + 491. Let v = q + 269. Calculate the remainder when 35 is divided by v.
8
Suppose -302*u - 64 = -305*u + 2*s, 0 = 4*u - 2*s - 78. Let z be ((-2)/(-3))/(2/15). Suppose z*j - 436 = j. Calculate the remainder when j is divided by u.
11
Let i(q) = -107*q + 3103. Calculate the remainder when i(27) is divided by 121.
93
Suppose 0 = -u - 3*o + 133, -510*u + 2*o = -513*u + 371. What is the remainder when 995 is divided by u?
27
Suppose 1179*q - 73 - 27 = 1177*q. What is the remainder when 943 is divided by q?
43
Calculate the remainder when (3/(-3) + -3)/(((-242)/(-43747))/(-11)) is divided by 37.
36
Let t = 30170 - 30134. Suppose 3*c = -c + 20. Suppose 0 = -3*f - b + 204 + 2, -5*f = -c*b - 370. What is the remainder when f is divided by t?
34
Let f be -3 - 1*(-1 + -2). Suppose -m - 44 = -4*k + m, f = -k + 3*m + 11. Suppose k*b - 1039 = -247. What is the remainder when b is divided by 15?
12
Suppose -5 = 4*i + 15. Let f = 27 + i. What is the remainder when f is divided by 6/(-5)*((2 - 6) + -1)?
4
Let y = 205 - 138. Let o = -34 + y. Calculate the remainder when 119 is divided by o.
20
Suppose 0 = -2*l + 2 + 22. Let b be (-15)/(-12) + (-5)/4. What is the remainder when (38 - b)/(-7 + (22 - 13)) is divided by l?
7
Let n = 29 - 25. Let m be (12/(-3))/n*0. Suppos